{"id":6022,"date":"2022-08-25T10:01:42","date_gmt":"2022-08-25T13:01:42","guid":{"rendered":"http:\/\/infofcf.webhostusp.sti.usp.br\/?page_id=6022"},"modified":"2022-08-25T10:04:28","modified_gmt":"2022-08-25T13:04:28","slug":"submissao-de-trabalhos","status":"publish","type":"page","link":"https:\/\/info.fcf.usp.br\/?page_id=6022","title":{"rendered":"Submiss\u00e3o de trabalhos"},"content":{"rendered":"\t\t<div data-elementor-type=\"wp-page\" data-elementor-id=\"6022\" class=\"elementor elementor-6022\">\n\t\t\t\t\t\t<section class=\"elementor-section elementor-top-section elementor-element elementor-element-767d516 elementor-section-boxed elementor-section-height-default elementor-section-height-default\" data-id=\"767d516\" data-element_type=\"section\" data-e-type=\"section\">\n\t\t\t\t\t\t<div class=\"elementor-container elementor-column-gap-default\">\n\t\t\t\t\t<div class=\"elementor-column elementor-col-100 elementor-top-column elementor-element elementor-element-3a5ca11\" data-id=\"3a5ca11\" data-element_type=\"column\" data-e-type=\"column\">\n\t\t\t<div class=\"elementor-widget-wrap elementor-element-populated\">\n\t\t\t\t\t\t<div class=\"elementor-element elementor-element-87455b9 elementor-widget elementor-widget-text-editor\" data-id=\"87455b9\" data-element_type=\"widget\" data-e-type=\"widget\" data-widget_type=\"text-editor.default\">\n\t\t\t\t<div class=\"elementor-widget-container\">\n\t\t\t\t\t\t\t\t\t<p>Uma vez inscritos no evento, todos poder\u00e3o submeter trabalhos a serem apresentados na<br \/>forma de poster ou apresenta\u00e7\u00e3o oral \u201cpitch\u201d. A prefer\u00eancia pela apresenta\u00e7\u00e3o oral ou poster<br \/>deve ser informada no momento da submiss\u00e3o do trabalho.<br \/>O envio de resumos podera\u0301 ocorrer ate\u0301 01\/10\/2022 e o resultado sobre o aceite dos trabalhos<br \/>para o evento sera\u0301 divulgado ate\u0301 15 de outubro.<br \/>Os 12 melhores trabalhos sera\u0303o convidados para participar dos mo\u0301dulos de apresentac\u0327a\u0303o oral<br \/>de trabalhos na forma de \u201cpitch\u201d.<\/p>\t\t\t\t\t\t\t\t<\/div>\n\t\t\t\t<\/div>\n\t\t\t\t\t<\/div>\n\t\t<\/div>\n\t\t\t\t\t<\/div>\n\t\t<\/section>\n\t\t\t\t<section class=\"elementor-section elementor-top-section elementor-element elementor-element-0b5c1b6 elementor-section-boxed elementor-section-height-default elementor-section-height-default\" data-id=\"0b5c1b6\" data-element_type=\"section\" data-e-type=\"section\">\n\t\t\t\t\t\t<div class=\"elementor-container elementor-column-gap-default\">\n\t\t\t\t\t<div class=\"elementor-column elementor-col-100 elementor-top-column elementor-element elementor-element-9f644a2\" data-id=\"9f644a2\" data-element_type=\"column\" data-e-type=\"column\">\n\t\t\t<div class=\"elementor-widget-wrap elementor-element-populated\">\n\t\t\t\t\t\t<div class=\"elementor-element elementor-element-71597dc elementor-widget elementor-widget-heading\" data-id=\"71597dc\" data-element_type=\"widget\" data-e-type=\"widget\" data-widget_type=\"heading.default\">\n\t\t\t\t<div class=\"elementor-widget-container\">\n\t\t\t\t\t<h2 class=\"elementor-heading-title elementor-size-default\">Para submeter um trabalho, fa\u00e7a a sua inscri\u00e7\u00e3o e acesso o formul\u00e1rio de submiss\u00e3o de\ntrabalhos<\/h2>\t\t\t\t<\/div>\n\t\t\t\t<\/div>\n\t\t\t\t\t<\/div>\n\t\t<\/div>\n\t\t\t\t\t<\/div>\n\t\t<\/section>\n\t\t\t\t<section class=\"elementor-section elementor-top-section elementor-element elementor-element-a8fc7e8 elementor-section-boxed elementor-section-height-default elementor-section-height-default\" data-id=\"a8fc7e8\" data-element_type=\"section\" data-e-type=\"section\">\n\t\t\t\t\t\t<div class=\"elementor-container elementor-column-gap-default\">\n\t\t\t\t\t<div class=\"elementor-column elementor-col-100 elementor-top-column elementor-element elementor-element-7b82974\" data-id=\"7b82974\" data-element_type=\"column\" data-e-type=\"column\">\n\t\t\t<div class=\"elementor-widget-wrap elementor-element-populated\">\n\t\t\t\t\t\t<div class=\"elementor-element elementor-element-d2ca8e0 elementor-widget elementor-widget-text-editor\" data-id=\"d2ca8e0\" data-element_type=\"widget\" data-e-type=\"widget\" data-widget_type=\"text-editor.default\">\n\t\t\t\t<div class=\"elementor-widget-container\">\n\t\t\t\t\t\t\t\t\t<p>A comissa\u0303o cienti\u0301fica ir\u00e1 analisar os resumos de acordo com os seguintes crit\u00e9rios:<br \/>a) Clareza e apresentac\u0327a\u0303o do texto.<br \/>b) Importa\u0302ncia dos objetivos e justificativa para a realizac\u0327a\u0303o do estudo.<br \/>c) Adequac\u0327a\u0303o da metodologia empregada.<br \/>d) Qualidade, apresentac\u0327a\u0303o e ana\u0301lise dos resultados.<br \/>e) Releva\u0302ncia e contribuic\u0327a\u0303o do trabalho na a\u0301rea.<br \/>Cada crite\u0301rio poder\u00e1 receber at\u00e9 2 pontos, sendo 10 a nota ma\u0301xima. Os resumos que<br \/>apresentarem notas iguais ou superiores a 5,0 sera\u0303o aprovados com ou sem alterac\u0327o\u0303es.<\/p><p>Os 12 melhores trabalhos sera\u0303o selecionados e convidados para participar dos mo\u0301dulos de<br \/>apresentac\u0327a\u0303o oral de trabalhos na forma de \u201cpitch\u201d.<br \/>Na\u0303o havera\u0301 possibilidade de revisa\u0303o da avaliac\u0327a\u0303o dos resumos submetidos.<\/p>\t\t\t\t\t\t\t\t<\/div>\n\t\t\t\t<\/div>\n\t\t\t\t\t<\/div>\n\t\t<\/div>\n\t\t\t\t\t<\/div>\n\t\t<\/section>\n\t\t\t\t<section class=\"elementor-section elementor-top-section elementor-element elementor-element-1c92df6 elementor-section-boxed elementor-section-height-default elementor-section-height-default\" data-id=\"1c92df6\" data-element_type=\"section\" data-e-type=\"section\">\n\t\t\t\t\t\t<div class=\"elementor-container elementor-column-gap-default\">\n\t\t\t\t\t<div class=\"elementor-column elementor-col-100 elementor-top-column elementor-element elementor-element-0ec6218\" data-id=\"0ec6218\" data-element_type=\"column\" data-e-type=\"column\">\n\t\t\t<div class=\"elementor-widget-wrap elementor-element-populated\">\n\t\t\t\t\t\t<div class=\"elementor-element elementor-element-3ce6c65 elementor-widget elementor-widget-heading\" data-id=\"3ce6c65\" data-element_type=\"widget\" data-e-type=\"widget\" data-widget_type=\"heading.default\">\n\t\t\t\t<div class=\"elementor-widget-container\">\n\t\t\t\t\t<h2 class=\"elementor-heading-title elementor-size-default\">Instru\u00e7\u00f5es para o preparo de resumos<\/h2>\t\t\t\t<\/div>\n\t\t\t\t<\/div>\n\t\t\t\t\t<\/div>\n\t\t<\/div>\n\t\t\t\t\t<\/div>\n\t\t<\/section>\n\t\t\t\t<section class=\"elementor-section elementor-top-section elementor-element elementor-element-7bd6b09 elementor-section-boxed elementor-section-height-default elementor-section-height-default\" data-id=\"7bd6b09\" data-element_type=\"section\" data-e-type=\"section\">\n\t\t\t\t\t\t<div class=\"elementor-container elementor-column-gap-default\">\n\t\t\t\t\t<div class=\"elementor-column elementor-col-100 elementor-top-column elementor-element elementor-element-07b12e8\" data-id=\"07b12e8\" data-element_type=\"column\" data-e-type=\"column\">\n\t\t\t<div class=\"elementor-widget-wrap elementor-element-populated\">\n\t\t\t\t\t\t<div class=\"elementor-element elementor-element-528b385 elementor-widget elementor-widget-text-editor\" data-id=\"528b385\" data-element_type=\"widget\" data-e-type=\"widget\" data-widget_type=\"text-editor.default\">\n\t\t\t\t<div class=\"elementor-widget-container\">\n\t\t\t\t\t\t\t\t\t<p>a) Fonte Times New Roman, tamanho 12, espac\u0327amento 1.5.<br \/>b) Ti\u0301tulo: em letras maiu\u0301sculas, negrito, centralizado.<br \/>c) Lista de autores: nomes completos, centralizado. Identificar a afiliac\u0327a\u0303o de cada autor com<br \/>nu\u0301mero sobrescritos apo\u0301s o sobrenome.<br \/>d) Afiliac\u0327a\u0303o institucional: departamento e\/ou instituto, nome da instituic\u0327a\u0303o, cidade e pai\u0301s. e)<br \/>Corpo do texto: ma\u0301ximo de 350 palavras, texto justificado, com a seguinte estrutura: 1)<br \/>Introduc\u0327a\u0303o, 2) Objetivos; 3) Metodologia, 4) Resultados e 5) Concluso\u0303es.<br \/>f) Apoio financeiro: lista de todos os apoios financeiros, se houver.<br \/>g) Palavras-chave: incluir 3 a 6 palavras-chave que na\u0303o fac\u0327am parte do ti\u0301tulo.<\/p>\t\t\t\t\t\t\t\t<\/div>\n\t\t\t\t<\/div>\n\t\t\t\t\t<\/div>\n\t\t<\/div>\n\t\t\t\t\t<\/div>\n\t\t<\/section>\n\t\t\t\t<section class=\"elementor-section elementor-top-section elementor-element elementor-element-8c9f6db elementor-section-boxed elementor-section-height-default elementor-section-height-default\" data-id=\"8c9f6db\" data-element_type=\"section\" data-e-type=\"section\">\n\t\t\t\t\t\t<div class=\"elementor-container elementor-column-gap-default\">\n\t\t\t\t\t<div class=\"elementor-column elementor-col-100 elementor-top-column elementor-element elementor-element-5e422f0\" data-id=\"5e422f0\" data-element_type=\"column\" data-e-type=\"column\">\n\t\t\t<div class=\"elementor-widget-wrap elementor-element-populated\">\n\t\t\t\t\t\t<div class=\"elementor-element elementor-element-8b4e98b elementor-widget elementor-widget-heading\" data-id=\"8b4e98b\" data-element_type=\"widget\" data-e-type=\"widget\" data-widget_type=\"heading.default\">\n\t\t\t\t<div class=\"elementor-widget-container\">\n\t\t\t\t\t<h2 class=\"elementor-heading-title elementor-size-default\">Instruc\u0327o\u0303es para as apresentac\u0327o\u0303es orais (pitches) \u2013 apenas para trabalhos selecionados.<\/h2>\t\t\t\t<\/div>\n\t\t\t\t<\/div>\n\t\t\t\t\t<\/div>\n\t\t<\/div>\n\t\t\t\t\t<\/div>\n\t\t<\/section>\n\t\t\t\t<section class=\"elementor-section elementor-top-section elementor-element elementor-element-6c096d7 elementor-section-boxed elementor-section-height-default elementor-section-height-default\" data-id=\"6c096d7\" data-element_type=\"section\" data-e-type=\"section\">\n\t\t\t\t\t\t<div class=\"elementor-container elementor-column-gap-default\">\n\t\t\t\t\t<div class=\"elementor-column elementor-col-100 elementor-top-column elementor-element elementor-element-bf4176b\" data-id=\"bf4176b\" data-element_type=\"column\" data-e-type=\"column\">\n\t\t\t<div class=\"elementor-widget-wrap elementor-element-populated\">\n\t\t\t\t\t\t<div class=\"elementor-element elementor-element-f72e8e4 elementor-widget elementor-widget-text-editor\" data-id=\"f72e8e4\" data-element_type=\"widget\" data-e-type=\"widget\" data-widget_type=\"text-editor.default\">\n\t\t\t\t<div class=\"elementor-widget-container\">\n\t\t\t\t\t\t\t\t\t<p>a) Apresentac\u0327a\u0303o em formato compati\u0301vel com Microsoft Power Point.<br \/>b) Durac\u0327a\u0303o ma\u0301xima da apresentac\u0327a\u0303o = 4 minutos.<br \/>c) Tempo para Q&amp;A = 3 minutos.<\/p>\t\t\t\t\t\t\t\t<\/div>\n\t\t\t\t<\/div>\n\t\t\t\t\t<\/div>\n\t\t<\/div>\n\t\t\t\t\t<\/div>\n\t\t<\/section>\n\t\t\t\t<section class=\"elementor-section elementor-top-section elementor-element elementor-element-ed48fd4 elementor-section-boxed elementor-section-height-default elementor-section-height-default\" data-id=\"ed48fd4\" data-element_type=\"section\" data-e-type=\"section\">\n\t\t\t\t\t\t<div class=\"elementor-container elementor-column-gap-default\">\n\t\t\t\t\t<div class=\"elementor-column elementor-col-100 elementor-top-column elementor-element elementor-element-4aa13ea\" data-id=\"4aa13ea\" data-element_type=\"column\" data-e-type=\"column\">\n\t\t\t<div class=\"elementor-widget-wrap elementor-element-populated\">\n\t\t\t\t\t\t<div class=\"elementor-element elementor-element-76d595a elementor-align-center elementor-widget elementor-widget-button\" data-id=\"76d595a\" data-element_type=\"widget\" data-e-type=\"widget\" data-widget_type=\"button.default\">\n\t\t\t\t<div class=\"elementor-widget-container\">\n\t\t\t\t\t\t\t\t\t<div class=\"elementor-button-wrapper\">\n\t\t\t\t\t<a class=\"elementor-button elementor-button-link elementor-size-lg\" href=\"https:\/\/forms.gle\/GuyiGHMNv6X5SBB48\">\n\t\t\t\t\t\t<span class=\"elementor-button-content-wrapper\">\n\t\t\t\t\t\t\t\t\t<span class=\"elementor-button-text\">Submiss\u00e3o<\/span>\n\t\t\t\t\t<\/span>\n\t\t\t\t\t<\/a>\n\t\t\t\t<\/div>\n\t\t\t\t\t\t\t\t<\/div>\n\t\t\t\t<\/div>\n\t\t\t\t\t<\/div>\n\t\t<\/div>\n\t\t\t\t\t<\/div>\n\t\t<\/section>\n\t\t\t\t<\/div>\n\t\t","protected":false},"excerpt":{"rendered":"<p>Uma vez inscritos no evento, todos poder\u00e3o submeter trabalhos a serem apresentados naforma de poster&#8230;<\/p>\n","protected":false},"author":14,"featured_media":0,"parent":0,"menu_order":0,"comment_status":"closed","ping_status":"closed","template":"","meta":{"om_disable_all_campaigns":false,"_monsterinsights_skip_tracking":false,"_monsterinsights_sitenote_active":false,"_monsterinsights_sitenote_note":"","_monsterinsights_sitenote_category":0,"_uf_show_specific_survey":0,"_uf_disable_surveys":false,"footnotes":""},"class_list":["post-6022","page","type-page","status-publish","hentry"],"aioseo_notices":[],"_links":{"self":[{"href":"https:\/\/info.fcf.usp.br\/index.php?rest_route=\/wp\/v2\/pages\/6022","targetHints":{"allow":["GET"]}}],"collection":[{"href":"https:\/\/info.fcf.usp.br\/index.php?rest_route=\/wp\/v2\/pages"}],"about":[{"href":"https:\/\/info.fcf.usp.br\/index.php?rest_route=\/wp\/v2\/types\/page"}],"author":[{"embeddable":true,"href":"https:\/\/info.fcf.usp.br\/index.php?rest_route=\/wp\/v2\/users\/14"}],"replies":[{"embeddable":true,"href":"https:\/\/info.fcf.usp.br\/index.php?rest_route=%2Fwp%2Fv2%2Fcomments&post=6022"}],"version-history":[{"count":4,"href":"https:\/\/info.fcf.usp.br\/index.php?rest_route=\/wp\/v2\/pages\/6022\/revisions"}],"predecessor-version":[{"id":6026,"href":"https:\/\/info.fcf.usp.br\/index.php?rest_route=\/wp\/v2\/pages\/6022\/revisions\/6026"}],"wp:attachment":[{"href":"https:\/\/info.fcf.usp.br\/index.php?rest_route=%2Fwp%2Fv2%2Fmedia&parent=6022"}],"curies":[{"name":"wp","href":"https:\/\/api.w.org\/{rel}","templated":true}]}}