{"id":11813,"date":"2025-04-28T11:13:12","date_gmt":"2025-04-28T14:13:12","guid":{"rendered":"https:\/\/info.fcf.usp.br\/?page_id=11813"},"modified":"2025-06-13T15:29:13","modified_gmt":"2025-06-13T18:29:13","slug":"direitos-humanos","status":"publish","type":"page","link":"https:\/\/info.fcf.usp.br\/?page_id=11813","title":{"rendered":"Direitos Humanos"},"content":{"rendered":"\t\t<div data-elementor-type=\"wp-page\" data-elementor-id=\"11813\" class=\"elementor elementor-11813\">\n\t\t\t\t<div class=\"elementor-element elementor-element-b372dcc e-flex e-con-boxed e-con e-parent\" data-id=\"b372dcc\" data-element_type=\"container\" data-e-type=\"container\">\n\t\t\t\t\t<div class=\"e-con-inner\">\n\t\t\t\t<div class=\"elementor-element elementor-element-51afc34 elementor-widget elementor-widget-text-editor\" data-id=\"51afc34\" data-element_type=\"widget\" data-e-type=\"widget\" data-widget_type=\"text-editor.default\">\n\t\t\t\t<div class=\"elementor-widget-container\">\n\t\t\t\t\t\t\t\t\t<p>A FCF preza em seu ambiente o respeito aos direitos humanos e para promo\u00e7\u00e3o dos direitos humanos e enfrentamento de casos de viola\u00e7\u00e3o de direitos humanos no ambiente da FCF, contamos com o N\u00facleo de Direitos Humanos (NDH).<\/p><p><strong>Miss\u00e3o<\/strong><\/p><p>O N\u00facleo foi estabelecido em 2017 para fortalecer o respeito aos direitos individuais e coletivos, estando dispon\u00edvel para acolher pessoas (estudantes, funcion\u00e1rios e docentes) cujos direitos est\u00e3o sendo violados no \u00e2mbito desta Faculdade. As situa\u00e7\u00f5es relatadas ser\u00e3o apuradas com respeito, seriedade, sensibilidade e sigilo.<\/p><p><strong>A\u00e7\u00f5es<\/strong><\/p><p>Acolher e iniciar a apura\u00e7\u00e3o de relatos de infra\u00e7\u00f5es ocorridas na FCF, dando encaminhamento conforme a necessidade.<\/p><p>Promover eventos, f\u00f3runs e outras formas de atividades para discuss\u00e3o, conscientiza\u00e7\u00e3o e fomento de pr\u00e1ticas \u00e9ticas e de respeito aos Direitos Humanos pelos membros da comunidade da FCF-USP.<\/p><p>Se voc\u00ea precisa de ajuda ou conhece algu\u00e9m que precisa, envie um e-mail ou procure um dos membros do NDH.<\/p><p>Contato:<a href=\"mailto:nucleodireitoshumanosfcf@usp.br\"><strong> nucleodireitoshumanosfcf@usp.br<\/strong><\/a><\/p><p><a href=\"https:\/\/prip.usp.br\/sua\/\"><strong>SUA &#8211; Sistema USP de Acolhimento, Registro e Responsabiliza\u00e7\u00e3o para Situa\u00e7\u00f5es de Ass\u00e9dio, Viol\u00eancia, Discrimina\u00e7\u00f5es e Outras Viola\u00e7\u00f5es de Direitos Humanos<\/strong><\/a><\/p>\t\t\t\t\t\t\t\t<\/div>\n\t\t\t\t<\/div>\n\t\t\t\t\t<\/div>\n\t\t\t\t<\/div>\n\t\t\t\t<\/div>\n\t\t","protected":false},"excerpt":{"rendered":"<p>A FCF preza em seu ambiente o respeito aos direitos humanos e para promo\u00e7\u00e3o dos&#8230;<\/p>\n","protected":false},"author":6,"featured_media":0,"parent":0,"menu_order":0,"comment_status":"closed","ping_status":"closed","template":"","meta":{"om_disable_all_campaigns":false,"_monsterinsights_skip_tracking":false,"_monsterinsights_sitenote_active":false,"_monsterinsights_sitenote_note":"","_monsterinsights_sitenote_category":0,"_uf_show_specific_survey":0,"_uf_disable_surveys":false,"footnotes":""},"class_list":["post-11813","page","type-page","status-publish","hentry"],"aioseo_notices":[],"_links":{"self":[{"href":"https:\/\/info.fcf.usp.br\/index.php?rest_route=\/wp\/v2\/pages\/11813","targetHints":{"allow":["GET"]}}],"collection":[{"href":"https:\/\/info.fcf.usp.br\/index.php?rest_route=\/wp\/v2\/pages"}],"about":[{"href":"https:\/\/info.fcf.usp.br\/index.php?rest_route=\/wp\/v2\/types\/page"}],"author":[{"embeddable":true,"href":"https:\/\/info.fcf.usp.br\/index.php?rest_route=\/wp\/v2\/users\/6"}],"replies":[{"embeddable":true,"href":"https:\/\/info.fcf.usp.br\/index.php?rest_route=%2Fwp%2Fv2%2Fcomments&post=11813"}],"version-history":[{"count":16,"href":"https:\/\/info.fcf.usp.br\/index.php?rest_route=\/wp\/v2\/pages\/11813\/revisions"}],"predecessor-version":[{"id":12152,"href":"https:\/\/info.fcf.usp.br\/index.php?rest_route=\/wp\/v2\/pages\/11813\/revisions\/12152"}],"wp:attachment":[{"href":"https:\/\/info.fcf.usp.br\/index.php?rest_route=%2Fwp%2Fv2%2Fmedia&parent=11813"}],"curies":[{"name":"wp","href":"https:\/\/api.w.org\/{rel}","templated":true}]}}