{"id":11793,"date":"2025-04-28T11:03:47","date_gmt":"2025-04-28T14:03:47","guid":{"rendered":"https:\/\/info.fcf.usp.br\/?page_id=11793"},"modified":"2026-02-26T14:52:44","modified_gmt":"2026-02-26T17:52:44","slug":"permanencia-estudantil","status":"publish","type":"page","link":"https:\/\/info.fcf.usp.br\/?page_id=11793","title":{"rendered":"Perman\u00eancia Estudantil"},"content":{"rendered":"\t\t<div data-elementor-type=\"wp-page\" data-elementor-id=\"11793\" class=\"elementor elementor-11793\">\n\t\t\t\t<div class=\"elementor-element elementor-element-e05ea5a e-flex e-con-boxed e-con e-parent\" data-id=\"e05ea5a\" data-element_type=\"container\" data-e-type=\"container\">\n\t\t\t\t\t<div class=\"e-con-inner\">\n\t\t\t\t<div class=\"elementor-element elementor-element-e85dd35 elementor-widget elementor-widget-text-editor\" data-id=\"e85dd35\" data-element_type=\"widget\" data-e-type=\"widget\" data-widget_type=\"text-editor.default\">\n\t\t\t\t<div class=\"elementor-widget-container\">\n\t\t\t\t\t\t\t\t\t<p style=\"text-align: justify;\"><span style=\"font-weight: bold;\">Moradia:<\/span><\/p>\n<p style=\"text-align: justify;\">O Conjunto Residencial da Universidade de S\u00e3o Paulo (CRUSP) \u00e9 um conjunto de&nbsp;pr\u00e9dios usado para moradia gratuita de estudantes da universidade, que tem cerca de&nbsp;1.600 vagas. A sele\u00e7\u00e3o dos alunos para morar no CRUSP baseia-se em crit\u00e9rios&nbsp;socioecon\u00f4micos. Uma vez concedida a vaga na moradia, o\/a estudante poder\u00e1&nbsp;permanecer durante todo seu per\u00edodo de gradua\u00e7\u00e3o\/p\u00f3s-gradua\u00e7\u00e3o, a n\u00e3o ser que as&nbsp;condi\u00e7\u00f5es que justificaram a concess\u00e3o do aux\u00edlio se modifiquem.<\/p>\n<p style=\"text-align: justify;\">Estudantes podem aplicar para aux\u00edlio perman\u00eancia parcial com concess\u00e3o de vaga no CRUSP ou aux\u00edlio perman\u00eancia integral, sem vaga no CRUSP. Adicionalmente, estudantes respons\u00e1veis por filhos\/as at\u00e9 6 anos de idade podem aplicar para o aux\u00edlio complementar.<\/p>\n<p style=\"text-align: justify;\">Para pleitear uma vaga no CRUSP e\/ou aux\u00edlios perman\u00eancia, os\/as estudantes devem se inscrever no Programa&nbsp;&nbsp;de Apoio \u00e0 Perman\u00eancia e Forma\u00e7\u00e3o Estudantil <strong><a href=\"https:\/\/prip.usp.br\/apoio-estudantil\/\">PAPFE<\/a><\/strong>.<\/p><p style=\"text-align: justify;\"><br><\/p>\n<p style=\"text-align: justify;\"><span style=\"font-weight: bold;\">Transporte:<\/span><\/p>\n<p style=\"text-align: justify;\">Solicita\u00e7\u00f5es de carteiras de passe escolar devem ser realizadas junto \u00e0 S\u00e3o Paulo&nbsp;Transportes S.A. \u2013 SPTrans e a Empresa Metropolitana de Transportes Urbanos de&nbsp;S\u00e3o Paulo \u2013 EMTU\/SP.&nbsp;Informa\u00e7\u00f5es sobre as linhas de \u00f4nibus e outros meios de transporte para o campus&nbsp;Butant\u00e3 est\u00e3o dispon\u00edveis no&nbsp;<a href=\"https:\/\/puspcb.usp.br\/uso-do-campus\/transportes-3\/\"><strong>site da Prefeitura do Campus<\/strong>.<\/a><\/p><p style=\"text-align: justify;\"><br><\/p>\n<p style=\"text-align: justify;\"><span style=\"font-weight: bold;\">Alimenta\u00e7\u00e3o:<\/span><\/p>\n<p>A USP oferece diversos restaurantes universit\u00e1rios (RUs) voltados para o p\u00fablico da universidade, sendo um deles localizado no Centro de Viv\u00eancia da FCF\/EP\/IQ. O valor de cada refei\u00e7\u00e3o para estudantes \u00e9 de R$ 2,00 (caf\u00e9 da manh\u00e3 R$ 0,50). Para acesso aos RUs, os\/as estudantes devem solicitar o RUCARD, apresentado tanto na vers\u00e3o f\u00edsica como na digital (aplicativo e-Card USP). Para usar o RUCARD, \u00e9 preciso carregar o cart\u00e3o USP com cr\u00e9ditos, o que pode atrav\u00e9s do:<\/p>\n<p>Aplicativo do celular chamado \u201cCard\u00e1pio +\u201d, o qual permite o carregamento, visualiza\u00e7\u00e3o do saldo, bem como o card\u00e1pio da semana. O pagamento deve ser feito via PIX no valor m\u00ednimo de R$ 10.<\/p>\n<p>Estudantes em condi\u00e7\u00f5es de vulnerabilidade podem se inscrever para receber um Aux\u00edlio Alimenta\u00e7\u00e3o para pagar suas refei\u00e7\u00f5es, por meio do Programa de Apoio \u00e0 Perman\u00eancia e Forma\u00e7\u00e3o Estudantil PAPFE. Estudantes contemplados com o Aux\u00edlio Alimenta\u00e7\u00e3o devem carregar seus cr\u00e9ditos mensais por meio do sistema J\u00fapiter.<\/p><p><br><\/p>\n<p><strong>Sobre o Aux\u00edlio Alimenta\u00e7\u00e3o Emergencial<\/strong> (Portaria 007\/2024):<\/p>\n<ul>\n<li>&nbsp;Existe a possibilidade de concess\u00e3o de um aux\u00edlio alimenta\u00e7\u00e3o emergencial.<\/li>\n<li>O benef\u00edcio emergencial faculta ao estudante o acesso gratuito aos Restaurantes Universit\u00e1rios por um per\u00edodo de 6 meses.<\/li>\n<li>\u00c9 destinado a estudantes de gradua\u00e7\u00e3o ou p\u00f3s-gradua\u00e7\u00e3o que ainda n\u00e3o sejam benefici\u00e1rios de outro aux\u00edlio, exigindo avalia\u00e7\u00e3o socioecon\u00f4mica.<\/li>\n<li>A solicita\u00e7\u00e3o deve ser feita por escrito diretamente \u00e0s Assistentes Sociais da Universidade, que far\u00e3o a an\u00e1lise.<\/li>\n<li>Esse benef\u00edcio pode ser renovado por at\u00e9 duas vezes, caso haja demanda justificada.<\/li>\n<\/ul>\n<p><strong><br><\/strong><\/p><p><strong>Sobre as Regras de Acesso e Valores<\/strong> (Portaria 008\/2025):<\/p>\n<ul>\n<li>O atendimento no caf\u00e9 da manh\u00e3 \u00e9 exclusivo para alunos de gradua\u00e7\u00e3o, p\u00f3s-gradua\u00e7\u00e3o stricto sensu, alunos da Escola de Aplica\u00e7\u00e3o e servidores com v\u00ednculo ativo na USP.<\/li>\n<li>Estudantes especiais (como alunos de disciplinas isoladas, alunos de cursos de extens\u00e3o ou pesquisadores de outras institui\u00e7\u00f5es atuando na USP) pagam o valor de R$ 10,00 pelo almo\u00e7o ou jantar.<\/li>\n<li>\u00c9 proibida a utiliza\u00e7\u00e3o dos Restaurantes Universit\u00e1rios da PRIP por dependentes de estudantes, de funcion\u00e1rios ou de docentes.<\/li>\n<li>Funcion\u00e1rios de empresas terceirizadas tamb\u00e9m n\u00e3o est\u00e3o autorizados a acessar os restaurantes.<\/li>\n<\/ul>\n<p><strong><br><\/strong><\/p><p><strong>Sobre Estagi\u00e1rios no Restaurante Central<\/strong> (Portaria 060\/2025):<\/p>\n<ul>\n<li>Discentes de gradua\u00e7\u00e3o que realizam est\u00e1gio extracurricular pago pela USP no campus Butant\u00e3 podem usar a entrada de servidores para acessar o Restaurante Central.<\/li>\n<li>Essa facilidade de acesso pela entrada de servidores \u00e9 permitida exclusivamente no per\u00edodo do almo\u00e7o.<\/li>\n<li>Para utilizar essa entrada, os estagi\u00e1rios devem apresentar a identifica\u00e7\u00e3o exclusiva disponibilizada no aplicativo &#8220;e-Card USP&#8221;.<\/li>\n<\/ul>\n<p><strong>Mais informa\u00e7\u00f5es podem ser obtidas em<\/strong> :<\/p>\n<p><a href=\"https:\/\/prip.usp.br\/restaurantes\/\">https:\/\/prip.usp.br\/restaurantes\/<\/a><\/p>\n<p>E-mail: <a href=\"mailto:rucard.prip@usp.br\">rucard.prip@usp.br<\/a><\/p>\n<p>Telefones: (11) 3091-2346<\/p>\n<p><br><\/p>\n<p><b>Portarias<\/b>:<\/p>\n<p><a href=\"https:\/\/drive.google.com\/file\/d\/18XKWr3VOyw3VJ4CV2Tl6AhnPf3ce7vZy\/view?usp=drive_link\" target=\"_blank\" style=\"background-color: rgb(255, 255, 255);\">Portaria PRIP N\u00ba 007 &#8211; Concess\u00e3o Emergencial de Aux\u00edlio Alimenta\u00e7\u00e3o nos Restaurantes<br>\nUniversit\u00e1rios da USP<\/a><\/p>\n<p><a href=\"https:\/\/drive.google.com\/file\/d\/1rQ_VdlKTxs4OuDHPtE5b_GKWICO2HFsF\/view?usp=sharing\" style=\"background-color: rgb(255, 255, 255);\">Portaria PRIP N\u00ba 060 &#8211;&nbsp;Regulamenta o acesso de discentes de gradua\u00e7\u00e3o da USP que realizam est\u00e1gio pago&nbsp;extracurricular nas Unidades da USP localizadas no campus do Butant\u00e3 ao Restaurante&nbsp;Central<\/a><\/p>\n<p><a href=\"https:\/\/drive.google.com\/file\/d\/1wbkHGTNLAaE_TtaPemYFChw5k71JfMeg\/view?usp=sharing\" target=\"_blank\">Portaria PRIP N\u00ba 008 &#8211;&nbsp;Regulamenta os Restaurantes Universit\u00e1rios administrados pela PRIP<\/a><\/p>\n<p><br><\/p>\n<p style=\"text-align: justify;\"><span style=\"font-weight: bold;\">Creche<\/span><\/p>\n<p style=\"text-align: justify;\">Estudantes, funcion\u00e1rios\/as e docentes da FCF podem pleitear para seus filhos vagas na Creche\/Pr\u00e9-Escola Central, no Campus do Butant\u00e3, que atendem crian\u00e7as de 4 meses a 6 anos de segunda a sexta-feira, em per\u00edodo integral diurno.<\/p>\n<p style=\"text-align: justify;\">Maiores informa\u00e7\u00f5es e inscri\u00e7\u00f5es no<strong>&nbsp;<a href=\"https:\/\/prip.usp.br\/creches\/\">site da PRIP<\/a><\/strong>.<\/p>\n<p style=\"text-align: justify;\">E-mail:<strong>&nbsp;<a href=\"mailto:dpse.prip@usp.br\">dpse.prip@usp.br<\/a>;&nbsp;<a href=\"mailto:dvcreche.prip@usp.br\">dvcreche.prip@usp.br<\/a><\/strong><\/p>\n<p style=\"text-align: justify;\">Telefones: (11) 3091-3505 \/ 2648-0979<\/p>\n<p style=\"text-align: justify;\"><span style=\"font-weight: bold;\">&nbsp;<\/span><\/p>\t\t\t\t\t\t\t\t<\/div>\n\t\t\t\t<\/div>\n\t\t\t\t\t<\/div>\n\t\t\t\t<\/div>\n\t\t\t\t<\/div>\n\t\t","protected":false},"excerpt":{"rendered":"<p>Moradia: O Conjunto Residencial da Universidade de S\u00e3o Paulo (CRUSP) \u00e9 um conjunto de&nbsp;pr\u00e9dios usado&#8230;<\/p>\n","protected":false},"author":6,"featured_media":0,"parent":0,"menu_order":0,"comment_status":"closed","ping_status":"closed","template":"","meta":{"om_disable_all_campaigns":false,"_monsterinsights_skip_tracking":false,"_monsterinsights_sitenote_active":false,"_monsterinsights_sitenote_note":"","_monsterinsights_sitenote_category":0,"_uf_show_specific_survey":0,"_uf_disable_surveys":false,"footnotes":""},"class_list":["post-11793","page","type-page","status-publish","hentry"],"aioseo_notices":[],"_links":{"self":[{"href":"https:\/\/info.fcf.usp.br\/index.php?rest_route=\/wp\/v2\/pages\/11793","targetHints":{"allow":["GET"]}}],"collection":[{"href":"https:\/\/info.fcf.usp.br\/index.php?rest_route=\/wp\/v2\/pages"}],"about":[{"href":"https:\/\/info.fcf.usp.br\/index.php?rest_route=\/wp\/v2\/types\/page"}],"author":[{"embeddable":true,"href":"https:\/\/info.fcf.usp.br\/index.php?rest_route=\/wp\/v2\/users\/6"}],"replies":[{"embeddable":true,"href":"https:\/\/info.fcf.usp.br\/index.php?rest_route=%2Fwp%2Fv2%2Fcomments&post=11793"}],"version-history":[{"count":13,"href":"https:\/\/info.fcf.usp.br\/index.php?rest_route=\/wp\/v2\/pages\/11793\/revisions"}],"predecessor-version":[{"id":13208,"href":"https:\/\/info.fcf.usp.br\/index.php?rest_route=\/wp\/v2\/pages\/11793\/revisions\/13208"}],"wp:attachment":[{"href":"https:\/\/info.fcf.usp.br\/index.php?rest_route=%2Fwp%2Fv2%2Fmedia&parent=11793"}],"curies":[{"name":"wp","href":"https:\/\/api.w.org\/{rel}","templated":true}]}}