{"id":10145,"date":"2024-10-31T16:51:48","date_gmt":"2024-10-31T19:51:48","guid":{"rendered":"https:\/\/info.fcf.usp.br\/?page_id=10145"},"modified":"2024-10-31T16:54:57","modified_gmt":"2024-10-31T19:54:57","slug":"farmacia-universitaria-farmusp","status":"publish","type":"page","link":"https:\/\/info.fcf.usp.br\/?page_id=10145","title":{"rendered":"Farm\u00e1cia Universit\u00e1ria &#8211; FARMUSP"},"content":{"rendered":"\t\t<div data-elementor-type=\"wp-page\" data-elementor-id=\"10145\" class=\"elementor elementor-10145\">\n\t\t\t\t<div class=\"elementor-element elementor-element-9f3e50d e-flex e-con-boxed e-con e-parent\" data-id=\"9f3e50d\" data-element_type=\"container\" data-e-type=\"container\">\n\t\t\t\t\t<div class=\"e-con-inner\">\n\t\t\t\t<div class=\"elementor-element elementor-element-067857e elementor-widget elementor-widget-text-editor\" data-id=\"067857e\" data-element_type=\"widget\" data-e-type=\"widget\" data-widget_type=\"text-editor.default\">\n\t\t\t\t<div class=\"elementor-widget-container\">\n\t\t\t\t\t\t\t\t\t<p>A Farm\u00e1cia Universit\u00e1ria (FARMUSP) desenvolve atividades que est\u00e3o em conson\u00e2ncia com a Resolu\u00e7\u00e3o n\u00b0 610 do Conselho Federal de Farm\u00e1cia, de 20 de mar\u00e7o de 2015, que disp\u00f5e sobre \u201cas atribui\u00e7\u00f5es do farmac\u00eautico na farm\u00e1cia universit\u00e1ria e d\u00e1 outras provid\u00eancias\u201d. Esta Resolu\u00e7\u00e3o \u00e9 de grande import\u00e2ncia para as Institui\u00e7\u00f5es de Ensino Superior porque baliza a qualidade no ensino. A FARMUSP deve ser entendida como um laborat\u00f3rio did\u00e1tico-especializado, sendo um referencial de qualidade, tendo em vista as a\u00e7\u00f5es direcionadas ao cuidado do paciente e aos servi\u00e7os a ele prestados, bem como, as diferentes atividades de extens\u00e3o universit\u00e1ria voltadas \u00e0 comunidade interna e externa \u00e0 Universidade de S\u00e3o Paulo.<\/p><p>As atividades desenvolvidas pela equipe propiciam a integra\u00e7\u00e3o das diversas \u00e1reas de conhecimento que comp\u00f5em o curso de gradua\u00e7\u00e3o em Farm\u00e1cia, constituindo-se, assim, um cen\u00e1rio de viv\u00eancia profissional que refor\u00e7a o processo de aprendizagem e a avalia\u00e7\u00e3o formativa, na busca pela melhoria da qualidade da educa\u00e7\u00e3o farmac\u00eautica.<\/p><p>O Conselho Federal de Farm\u00e1cia (CFF), ao regulamentar as atribui\u00e7\u00f5es do farmac\u00eautico na farm\u00e1cia universit\u00e1ria, estabelece um paradigma inovador para os farmac\u00eauticos educadores, trazendo um olhar sobre a import\u00e2ncia do cuidado farmac\u00eautico, em conson\u00e2ncia ao conceito de Farm\u00e1cia estabelecido pela Lei Federal n\u00ba 13.021\/14. Portanto, as atividades desenvolvidas pela equipe da FARMUSP v\u00e3o ao encontro do disposto nas legisla\u00e7\u00f5es do segmento, bem como em normatiza\u00e7\u00f5es internacionais sobre a compet\u00eancia cl\u00ednica do farmac\u00eautico, considerando a FARMUSP como p\u00f3lo de refer\u00eancia em Ensino, Pesquisa e Extens\u00e3o Universit\u00e1ria em Assist\u00eancia e Cuidado Farmac\u00eauticos.<\/p><p>As atividades de extens\u00e3o universit\u00e1ria s\u00e3o oferecidas \u00e0 popula\u00e7\u00e3o durante o transcorrer de todo o ano em curso com a disponibiliza\u00e7\u00e3o de campanhas, programas e projetos que fundamentam-se em Educa\u00e7\u00e3o em Sa\u00fade e est\u00e3o plasmados nas necessidades identificadas na popula\u00e7\u00e3o para serem traduzidas em a\u00e7\u00f5es, objetivando a melhoria da qualidade de vida da sociedade.<\/p><p>Neste contexto, cabe destacar a Miss\u00e3o, a Vis\u00e3o e os Valores estabelecidos pela equipe da FARMUSP para sua atua\u00e7\u00e3o:<\/p><p><b><em>Miss\u00e3o:<\/em><\/b><\/p><p><em>Colaborar efetivamente com a discuss\u00e3o das a\u00e7\u00f5es para implementar a Assist\u00eancia Farmac\u00eautica, com \u00eanfase em Farm\u00e1cia Cl\u00ednica e Cuidado Farmac\u00eautico nas \u00e1reas de Ensino de Gradua\u00e7\u00e3o e P\u00f3s-gradua\u00e7\u00e3o, Pesquisa e Extens\u00e3o Universit\u00e1ria na FCF-USP, visando \u00e0 integra\u00e7\u00e3o do farmac\u00eautico na Equipe Multidisciplinar da Sa\u00fade.<\/em><\/p><p><b><em>Vis\u00e3o:<\/em><\/b><\/p><p><em>Ser reconhecida pela sociedade como um espa\u00e7o de reflex\u00e3o sobre o Ensino, a Pesquisa e a Extens\u00e3o Universit\u00e1rios em Farm\u00e1cia Cl\u00ednica e Cuidado Farmac\u00eautico para promover o Uso Racional de Medicamentos, no contexto multidisciplinar e transdisciplinar.<\/em><\/p><p><em><b>Valores<\/b>:<\/em><\/p><p><em>\u00c9tica, Compet\u00eancia Organizacional, Capacidade de Integra\u00e7\u00e3o e Pr\u00f3-atividade.<\/em><\/p><p><em>\u00a0<\/em><\/p><p><b>Contato:<\/b><\/p><p><b>E-mail:<a href=\"mailto:farmusp@usp.br\"> farmusp@usp.br<\/a><\/b><br \/><br \/><\/p>\t\t\t\t\t\t\t\t<\/div>\n\t\t\t\t<\/div>\n\t\t\t\t\t<\/div>\n\t\t\t\t<\/div>\n\t\t\t\t<\/div>\n\t\t","protected":false},"excerpt":{"rendered":"<p>A Farm\u00e1cia Universit\u00e1ria (FARMUSP) desenvolve atividades que est\u00e3o em conson\u00e2ncia com a Resolu\u00e7\u00e3o n\u00b0 610&#8230;<\/p>\n","protected":false},"author":6,"featured_media":0,"parent":0,"menu_order":0,"comment_status":"closed","ping_status":"closed","template":"","meta":{"om_disable_all_campaigns":false,"_monsterinsights_skip_tracking":false,"_monsterinsights_sitenote_active":false,"_monsterinsights_sitenote_note":"","_monsterinsights_sitenote_category":0,"_uf_show_specific_survey":0,"_uf_disable_surveys":false,"footnotes":""},"class_list":["post-10145","page","type-page","status-publish","hentry"],"aioseo_notices":[],"_links":{"self":[{"href":"https:\/\/info.fcf.usp.br\/index.php?rest_route=\/wp\/v2\/pages\/10145","targetHints":{"allow":["GET"]}}],"collection":[{"href":"https:\/\/info.fcf.usp.br\/index.php?rest_route=\/wp\/v2\/pages"}],"about":[{"href":"https:\/\/info.fcf.usp.br\/index.php?rest_route=\/wp\/v2\/types\/page"}],"author":[{"embeddable":true,"href":"https:\/\/info.fcf.usp.br\/index.php?rest_route=\/wp\/v2\/users\/6"}],"replies":[{"embeddable":true,"href":"https:\/\/info.fcf.usp.br\/index.php?rest_route=%2Fwp%2Fv2%2Fcomments&post=10145"}],"version-history":[{"count":7,"href":"https:\/\/info.fcf.usp.br\/index.php?rest_route=\/wp\/v2\/pages\/10145\/revisions"}],"predecessor-version":[{"id":10152,"href":"https:\/\/info.fcf.usp.br\/index.php?rest_route=\/wp\/v2\/pages\/10145\/revisions\/10152"}],"wp:attachment":[{"href":"https:\/\/info.fcf.usp.br\/index.php?rest_route=%2Fwp%2Fv2%2Fmedia&parent=10145"}],"curies":[{"name":"wp","href":"https:\/\/api.w.org\/{rel}","templated":true}]}}